re the prime factors of 356324?
2, 229, 389
What are the prime factors of 2157357?
3, 719119
List the prime factors of 8012578.
2, 7, 81761
List the prime factors of 885301.
885301
List the prime factors of 8571242.
2, 19, 211, 1069
What are the prime factors of 8457301?
199, 42499
List the prime factors of 32895945.
3, 5, 853, 857
List the prime factors of 15800302.
2, 7, 29, 38917
List the prime factors of 12962483.
17, 762499
What are the prime factors of 2648?
2, 331
List the prime factors of 864926.
2, 17, 25439
What are the prime factors of 74505?
3, 5, 4967
List the prime factors of 1020361.
1020361
What are the prime factors of 2782259?
47, 59197
List the prime factors of 3493542.
2, 3, 13, 44789
What are the prime factors of 4394074?
2, 61, 36017
What are the prime factors of 909196?
2, 227299
What are the prime factors of 6290546?
2, 23, 136751
List the prime factors of 524928.
2, 3, 1367
List the prime factors of 855854.
2, 59, 7253
List the prime factors of 631803.
3, 210601
What are the prime factors of 456881?
456881
List the prime factors of 6267079.
7, 13, 61, 1129
What are the prime factors of 1353718?
2, 676859
What are the prime factors of 891332?
2, 13, 61, 281
List the prime factors of 768659.
53, 14503
What are the prime factors of 18305821?
17, 1076813
List the prime factors of 23386425.
3, 5, 163, 1913
List the prime factors of 7393228.
2, 191, 9677
List the prime factors of 19963.
19963
List the prime factors of 2093878.
2, 199, 5261
List the prime factors of 7450484.
2, 1862621
What are the prime factors of 263623?
47, 71, 79
What are the prime factors of 693598?
2, 241, 1439
List the prime factors of 142848.
2, 3, 31
What are the prime factors of 757459?
23, 32933
What are the prime factors of 2095478?
2, 7, 11, 1237
List the prime factors of 3898014.
2, 3, 211, 3079
List the prime factors of 7050905.
5, 37, 38113
What are the prime factors of 22971342?
2, 3, 19, 23, 8761
What are the prime factors of 937887?
3, 199, 1571
What are the prime factors of 1384357?
13, 83, 1283
List the prime factors of 177504.
2, 3, 43
What are the prime factors of 1806902?
2, 903451
List the prime factors of 572391.
3, 63599
What are the prime factors of 9085?
5, 23, 79
List the prime factors of 7149531.
3, 2383177
What are the prime factors of 8782526?
2, 4391263
List the prime factors of 3544529.
491, 7219
List the prime factors of 3611906.
2, 397, 4549
List the prime factors of 2130918.
2, 3, 53, 6701
What are the prime factors of 583803?
3, 11, 5897
List the prime factors of 45350.
2, 5, 907
List the prime factors of 1404022.
2, 702011
List the prime factors of 160594.
2, 7, 11471
List the prime factors of 577712.
2, 36107
What are the prime factors of 230401?
17, 13553
What are the prime factors of 337421?
7, 19, 43, 59
What are the prime factors of 1145006?
2, 181, 3163
List the prime factors of 1352726.
2, 676363
List the prime factors of 871901.
871901
What are the prime factors of 193498?
2, 96749
What are the prime factors of 309658?
2, 107, 1447
What are the prime factors of 13861685?
5, 71, 39047
What are the prime factors of 11583979?
11, 1053089
What are the prime factors of 21358643?
2647, 8069
List the prime factors of 298355.
5, 59671
What are the prime factors of 1388870?
2, 5, 7, 19841
What are the prime factors of 19888483?
1367, 14549
What are the prime factors of 5983077?
3, 29, 68771
What are the prime factors of 2610706?
2, 7, 186479
What are the prime factors of 18105538?
2, 11, 113, 7283
What are the prime factors of 6585455?
5, 1317091
List the prime factors of 745005.
3, 5, 49667
What are the prime factors of 2033458?
2, 7, 337, 431
What are the prime factors of 17524815?
3, 5, 7, 11, 15173
List the prime factors of 374613.
3, 193, 647
What are the prime factors of 6530002?
2, 59, 55339
What are the prime factors of 7595868?
2, 3, 7, 31, 2917
List the prime factors of 1291126.
2, 19, 61, 557
List the prime factors of 1206066.
2, 3, 201011
List the prime factors of 5884905.
3, 5, 13, 103, 293
What are the prime factors of 9929284?
2, 23, 107927
List the prime factors of 6000285.
3, 5, 337, 1187
What are the prime factors of 362239?
29, 12491
List the prime factors of 120370.
2, 5, 12037
What are the prime factors of 8651413?
137, 63149
List the prime factors of 264342.
2, 3, 13, 3389
List the prime factors of 146397.
3, 48799
What are the prime factors of 191258?
2, 95629
What are the prime factors of 2933707?
7, 17, 89, 277
List the prime factors of 4297180.
2, 5, 37, 5807
List the prime factors of 16906367.
127, 133121
What are the prime factors of 1237648?
2, 103, 751
List the prime factors of 169446.
2, 3, 31, 911
What are the prime factors of 866782?
2, 7, 101, 613
List the prime factors of 30218.
2, 29, 521
List the prime factors of 7492.
2, 1873
List the prime factors of 354771.
3, 39419
List the prime factors of 2017807.
11, 183437
What are the prime factors of 1122919?
7, 19, 8443
List the prime factors of 2349365.
5, 547, 859
What are the prime factors of 33797219?
19, 1778801
What are the prime factors of 4638705?
3, 5, 17, 18191
List the prime factors of 399312.
2, 3, 47, 59
What are the prime factors of 8187621?
3, 13, 209939
List the prime factors of 315481.
315481
List the prime factors of 393797.
393797
List the prime factors of 129917.
129917
What are the prime factors of 1412211?
3, 61, 7717
What are the prime factors of 977326?
2, 7, 69809
List the prime factors of 277107.
3, 92369
List the prime factors of 175412.
2, 43853
List the prime factors of 3189085.
5, 637817
List the prime factors of 1252623.
3, 417541
List the prime factors of 135558.
2, 3, 17, 443
What are the prime factors of 272208?
2, 3, 53, 107
What are the prime factors of 9543511?
17, 61, 9203
What are the prime factors of 65390?
2, 5, 13, 503
List the prime factors of 6609091.
1499, 4409
List the prime factors of 200055.
3, 5, 13337
List the prime factors of 57984.
2, 3, 151
List the prime factors of 498233.
101, 4933
What are the prime factors of 1836319?
1836319
What are the prime factors of 387376?
2, 11, 31, 71
List the prime factors of 982946.
2, 19, 25867
List the prime factors of 5081506.
2, 37, 68669
List the prime factors of 362856.
2, 3, 13, 1163
List the prime factors of 41457929.
41, 479, 2111
What are the prime factors of 24347114?
2, 11, 1106687
What are the prime factors of 1934226?
2, 3, 7, 17, 43
List the prime factors of 572556.
2, 3, 47713
List the prime factors of 6070562.
2, 157, 19333
List the prime factors of 2458287.
3, 13, 21011
List the prime factors of 2288371.
191, 11981
What are the prime factors of 2157355?
5, 19, 22709
List the prime factors of 3012759.
3, 334751
List the prime factors of 78925.
5, 7, 11, 41
List the prime factors of 976716.
2, 3, 13, 2087
What are the prime factors of 1001983?
1001983
What are the prime factors of 4532723?
13, 348671
List the prime factors of 236018.
2, 19, 6211
List the prime factors of 1421908.
2, 31, 11467
What are the prime factors of 1090830?
2, 3, 5, 13, 2797
List the prime factors of 1622104.
2, 11, 18433
What are the prime factors of 3552371?
17, 208963
List the prime factors of 300527.
29, 43, 241
What are the prime factors of 351680?
2, 5, 7, 157
What are the prime factors of 15933439?
15933439
List the prime factors of 906678.
2, 3, 17, 2963
List the prime factors of 209511.
3, 23279
List the prime factors of 3559080.
2, 3, 5, 7, 19, 223
What are the prime factors of 1793307?
3, 597769
List the prime factors of 12749114.
2, 7, 19, 41, 167
What are the prime factors of 519331?
83, 6257
List the prime factors of 735716.
2, 193, 953
What are the prime factors of 2466891?
3, 7, 39157
List the prime factors of 28438.
2, 59, 241
List the prime factors of 14256726.
2, 3, 11, 19, 11369
List the prime factors of 1036521.
3, 41, 53
List the prime factors of 2660004.
2, 3, 37, 1997
List the prime factors of 522980.
2, 5, 79, 331
List the prime factors of 60362.
2, 30181
List the prime factors of 83757.
3, 27919
List the prime factors of 1335744.
2, 3, 773
What are the prime factors of 133799?
67, 1997
What are the prime factors of 489587?
7, 69941
List the prime factors of 231178.
2, 115589
List the prime factors of 1750258.
2, 875129
What are the prime